 7767?
7
What is the units digit of 54?
4
What is the ten thousands digit of 10128?
1
What is the thousands digit of 65393?
5
What is the hundreds digit of 830?
8
What is the units digit of 32247?
7
What is the hundreds digit of 22398?
3
What is the units digit of 18397?
7
What is the hundred thousands digit of 110945?
1
What is the hundreds digit of 761?
7
What is the ten thousands digit of 168481?
6
What is the units digit of 7477?
7
What is the thousands digit of 162385?
2
What is the units digit of 391?
1
What is the thousands digit of 8225?
8
What is the tens digit of 939?
3
What is the units digit of 72264?
4
What is the tens digit of 5033?
3
What is the ten thousands digit of 94048?
9
What is the units digit of 24579?
9
What is the thousands digit of 2311?
2
What is the tens digit of 4525?
2
What is the tens digit of 2055?
5
What is the tens digit of 8702?
0
What is the units digit of 4262?
2
What is the units digit of 320?
0
What is the ten thousands digit of 109111?
0
What is the thousands digit of 9455?
9
What is the ten thousands digit of 21290?
2
What is the hundreds digit of 28238?
2
What is the ten thousands digit of 14100?
1
What is the tens digit of 782?
8
What is the tens digit of 3433?
3
What is the tens digit of 1894?
9
What is the hundreds digit of 13639?
6
What is the tens digit of 1412?
1
What is the units digit of 710?
0
What is the units digit of 586?
6
What is the units digit of 1388?
8
What is the units digit of 6790?
0
What is the hundreds digit of 784?
7
What is the units digit of 4763?
3
What is the ten thousands digit of 28720?
2
What is the ten thousands digit of 40186?
4
What is the hundreds digit of 118365?
3
What is the ten thousands digit of 12885?
1
What is the hundreds digit of 348?
3
What is the tens digit of 7953?
5
What is the tens digit of 421?
2
What is the tens digit of 8437?
3
What is the thousands digit of 3976?
3
What is the hundreds digit of 13192?
1
What is the tens digit of 5720?
2
What is the ten thousands digit of 15446?
1
What is the units digit of 1723?
3
What is the tens digit of 5334?
3
What is the units digit of 88?
8
What is the hundreds digit of 31968?
9
What is the hundreds digit of 810?
8
What is the units digit of 59941?
1
What is the tens digit of 4137?
3
What is the thousands digit of 79049?
9
What is the units digit of 12378?
8
What is the units digit of 3390?
0
What is the thousands digit of 2899?
2
What is the tens digit of 28364?
6
What is the hundreds digit of 331?
3
What is the units digit of 301?
1
What is the thousands digit of 7817?
7
What is the tens digit of 2137?
3
What is the units digit of 80?
0
What is the tens digit of 49067?
6
What is the ten thousands digit of 16125?
1
What is the tens digit of 443?
4
What is the hundreds digit of 2789?
7
What is the tens digit of 19434?
3
What is the ten thousands digit of 32062?
3
What is the units digit of 1678?
8
What is the thousands digit of 2914?
2
What is the thousands digit of 1081?
1
What is the hundreds digit of 1685?
6
What is the thousands digit of 1489?
1
What is the hundreds digit of 954?
9
What is the hundreds digit of 6835?
8
What is the thousands digit of 3737?
3
What is the thousands digit of 25596?
5
What is the units digit of 684?
4
What is the ten thousands digit of 18016?
1
What is the hundreds digit of 6890?
8
What is the thousands digit of 1966?
1
What is the units digit of 46376?
6
What is the hundreds digit of 35275?
2
What is the thousands digit of 13357?
3
What is the tens digit of 7681?
8
What is the hundreds digit of 1066?
0
What is the thousands digit of 1271?
1
What is the thousands digit of 9637?
9
What is the ten thousands digit of 43649?
4
What is the units digit of 2139?
9
What is the tens digit of 7551?
5
What is the thousands digit of 7577?
7
What is the tens digit of 57302?
0
What is the thousands digit of 2400?
2
What is the hundreds digit of 26703?
7
What is the hundreds digit of 9604?
6
What is the tens digit of 4657?
5
What is the hundreds digit of 6154?
1
What is the units digit of 23526?
6
What is the tens digit of 125271?
7
What is the units digit of 948?
8
What is the tens digit of 3245?
4
What is the tens digit of 6905?
0
What is the ten thousands digit of 10044?
1
What is the hundreds digit of 1137?
1
What is the units digit of 4618?
8
What is the thousands digit of 13824?
3
What is the units digit of 1177?
7
What is the units digit of 8543?
3
What is the tens digit of 3121?
2
What is the units digit of 3892?
2
What is the hundreds digit of 1504?
5
What is the units digit of 383?
3
What is the units digit of 3059?
9
What is the hundreds digit of 29526?
5
What is the units digit of 5489?
9
What is the hundreds digit of 85487?
4
What is the tens digit of 814?
1
What is the units digit of 110?
0
What is the thousands digit of 25344?
5
What is the units digit of 1091?
1
What is the units digit of 676?
6
What is the tens digit of 4212?
1
What is the hundreds digit of 4209?
2
What is the hundreds digit of 964?
9
What is the hundreds digit of 2489?
4
What is the thousands digit of 2543?
2
What is the thousands digit of 1137?
1
What is the hundreds digit of 31413?
4
What is the hundreds digit of 2204?
2
What is the ten thousands digit of 72338?
7
What is the units digit of 3145?
5
What is the ten thousands digit of 106605?
0
What is the units digit of 7404?
4
What is the hundreds digit of 7099?
0
What is the ten thousands digit of 20882?
2
What is the tens digit of 1490?
9
What is the hundreds digit of 7696?
6
What is the tens digit of 604?
0
What is the units digit of 3860?
0
What is the hundreds digit of 48539?
5
What is the tens digit of 693?
9
What is the hundreds digit of 402?
4
What is the hundreds digit of 41591?
5
What is the tens digit of 11048?
4
What is the hundreds digit of 152?
1
What is the tens digit of 37374?
7
What is the hundreds digit of 6522?
5
What is the units digit of 98749?
9
What is the units digit of 12381?
1
What is the tens digit of 1900?
0
What is the tens digit of 1438?
3
What is the units digit of 63982?
2
What is the units digit of 10482?
2
What is the units digit of 1308?
8
What is the tens digit of 24053?
5
What is the units digit of 3459?
9
What is the tens digit of 677?
7
What is the hundreds digit of 489?
4
What is the tens digit of 555?
5
What is the tens digit of 2338?
3
What is the hundreds digit of 58406?
4
What is the tens digit of 6170?
7
What is the units digit of 6538?
8
What is the hundreds digit of 2989?
9
What is the hundreds digit of 4559?
5
What is the hundreds digit of 16628?
6
What is the hundreds digit of 969?
9
What is the thousands digit of 8077?
8
What is the hundreds digit of 2248?
2
What is the hundreds digit of 3878?
8
What is the tens digit of 408?
0
What is the hundreds digit of 15398?
3
What is the units digit of 15072?
2
What is the ten thousands digit of 19079?
1
What is the units digit of 419?
9
What is the ten thousands digit of 16905?
1
What is the units digit of 976?
6
What is the hundreds digit of 1079?
0
What is the tens digit of 9952?
5
What is the units digit of 5319?
9
What is the ten thousands digit of 125304?
2
What is the hundreds digit of 2180?
1
What is the tens digit of 17814?
1
What is the ten thousands digit of 27497?
2
What is the thousands digit of 3992?
3
What is the thousands digit of 1349?
1
What is the tens digit of 3760?
6
What is the tens digit of 1357?
5
What is the thousands digit of 9792?
9
What is the tens digit of 61099?
9
What is the units digit of 59?
9
What is the ten thousands digit of 64750?
6
What is the thousands digit of 112794?
2
What is the hundreds digit of 1980?
9
What is the tens digit of 1002?
0
What is the tens digit of 35997?
9
What is the tens digit of 65276?
7
What is the hundreds digit of 26831?
8
What is the ten thousands digit of 43993?
4
What is the thousands digit of 5801?
5
What is the hundreds digit of 1201?
2
What is the hundreds digit of 4355?
3
What is the tens digit of 10404?
0
What is the hundreds digit of 31174?
1
What is the units digit of 9157?
7
What is the hundreds digit of 16551?
5
What is the tens digit of 18860?
6
What is the hundreds digit of 4914?
9
What is the hundred thousands digit of 139502?
1
What is the hundreds digit of 10983?
9
What is the thous